f v?
5
Let n = 6 + 3. Let g = 23 + n. What is the tens digit of g?
3
Suppose 0 = 8*h + 161 - 1169. What is the units digit of h?
6
Let k be ((-300)/9)/(6/(-9)). Suppose 2*i + 2*q = 14 + k, 5*i - 148 = q. What is the tens digit of i?
3
Let b be ((-14)/5)/((-2)/10). Let z = 10 - b. Let o = z + 16. What is the tens digit of o?
1
Suppose -2*c + 18 = -2. Suppose -c + 1 = -3*n. Suppose n*p - 12 = p. What is the units digit of p?
6
Let s be 9/2 - (-6)/(-12). Suppose 12 = w - n, 0*n - 47 = -s*w + 3*n. What is the tens digit of w?
1
Let n(t) = -2*t - 7. Let x(v) = 9*v. Let j be x(-1). What is the units digit of n(j)?
1
Let t = 301 - 189. What is the tens digit of t?
1
Let c(i) = 3*i - 1. What is the units digit of c(4)?
1
Let s = -7 - -12. Suppose 0 = s*o + 2*a, -o - a = -0*a. What is the units digit of 8 - -1*(0 - o)?
8
Let p(g) = -g**3 - 15*g**2 + 14*g + 24. What is the tens digit of p(-16)?
5
Suppose 0*p = o - 5*p - 22, 0 = -o - 5*p + 62. Let i = -58 + 28. Let a = o + i. What is the units digit of a?
2
Suppose -4*f + 244 = 2*i - 7*i, -245 = 5*i - 5*f. Let r = i + 68. What is the tens digit of r?
2
Let i = -5 + 6. Suppose i = -o + 2, 4*o - 68 = -4*l. Suppose 4*p - l = -4*x, -4*p = -2*x - 2*x + 8. What is the units digit of x?
3
Suppose -3*y + 7*y + 16 = h, -4*y = 3*h. Suppose 0*b + 16 = 3*d + 4*b, 20 = -h*b. What is the units digit of d?
2
Suppose 8 = 2*v - 22. Let u = v - 1. What is the units digit of u?
4
Suppose 0 = -0*i - 5*i - 4*z + 5, 3*i - 3*z - 30 = 0. What is the units digit of i?
5
Suppose 0*q = -4*q + 16. Let r be (9 - -1) + (1 - q). Let i = r - 4. What is the units digit of i?
3
Let q = -36 + 69. What is the units digit of q?
3
Let i(b) = -b**3 + 4*b**2. Let r be i(2). Let h = 11 + r. What is the units digit of h?
9
Suppose -2*d - 4*k + 17 = 5, -2*d - 3*k + 7 = 0. Let s(w) = w**2 + 4*w + 3. What is the units digit of s(d)?
3
Let j = -22 - -27. Let h be (-3)/(-1 + (-14)/(-20)). Suppose -3*y - j*c + 0 = h, 0 = 5*y + 3*c - 10. What is the units digit of y?
5
Let d be (5/2)/(1/2). Let q = d - 2. What is the units digit of q?
3
Suppose -5*z = m - 28, -2*z + 4 = -6. What is the units digit of m?
3
Let l = -282 - -558. What is the units digit of l?
6
Let s be (0 - 7)/(-5 + 4). What is the units digit of 16/56 - (-54)/s?
8
Suppose 5*l = 10, w + 2*l = -0*w + 90. What is the tens digit of w?
8
Let h be 3 + (-3)/3 + -4. Suppose -u + 4 = 3*o - 2, 0 = 3*o - u - 12. What is the units digit of (o + 1)*h/(-4)?
2
Suppose -3*t + 2*t - 4 = 0, -t - 406 = -3*s. Let c = s - 96. What is the tens digit of c?
3
Let m(n) = 6*n**3 - n - 2. Let o(w) = -7*w**3 + w**2 + w + 2. Let j(p) = -4*m(p) - 3*o(p). Let y be (-16)/6 + 4/6. What is the units digit of j(y)?
2
Suppose 0 = -4*x + 8. Let w = x + 1. Suppose 39 = 5*s + 5*h - 31, -5*h - 50 = -w*s. What is the tens digit of s?
1
Suppose 3*b + 67 = 4*d, -7*b + 2*b - 4 = -d. What is the tens digit of d?
1
Let v(o) = -3*o + 1. Let d be v(-8). Let p = -4 + d. Let j = p + -14. What is the units digit of j?
7
Suppose -66*b + 65*b + 116 = 0. What is the hundreds digit of b?
1
Let t(m) be the third derivative of m**4/24 - m**3 + 2*m**2. What is the units digit of t(10)?
4
Let u = -4 + 7. Suppose -38 = -o - 4*c, u*o - o - c = 40. Suppose 2 - o = -5*s. What is the units digit of s?
4
Suppose 0 = -2*j + 12 + 22. What is the units digit of j?
7
Let n(v) = -v**2 + 1. Let f(g) = -3*g**3 + 2*g**2 + g - 4. Let o(u) = f(u) + 4*n(u). Let b be o(-2). What is the tens digit of (-3 + 4)*(b - 1)?
1
Let c be 1 - (4/(-2))/2. What is the units digit of -8*c*(-20)/32?
0
Let o be (-77)/(-2) - (-3)/(-6). What is the units digit of o/4*2/1?
9
Let n be (2 + 0)/(8/268). Let l = n - 31. What is the units digit of l?
6
Let b = 60 - 100. Let o = 61 + b. Suppose 9 = 5*z - o. What is the units digit of z?
6
Let o = 0 - -1. Let v be (0/(-3) + 2)/o. Suppose -2*s + 4*m - 2 = 0, -5*s - v*m = 5 - 36. What is the units digit of s?
5
What is the units digit of (6/4)/((-3)/(-102))?
1
What is the tens digit of ((-226)/4)/(2/(-8))?
2
Suppose -4*k + 20 = 0, -k - 1305 = -5*g - 6*k. What is the units digit of g?
6
Suppose -5*s = 6 - 76. Let n be 120/28 - 4/s. Suppose 2*j + 2*a - 10 = 0, -3*j + n*a + 1 = -0*j. What is the units digit of j?
3
Let x be 2 + 6 + (-4)/4. Suppose -2*q = -x*q + 15. What is the units digit of q?
3
Let a(u) = -82*u - 30. What is the tens digit of a(-5)?
8
Suppose -4*b - 3*c = 155 - 880, 0 = -4*b - 2*c + 730. What is the tens digit of b?
8
Let y(f) = -2*f + 1. Let x be y(-5). Let k(o) = -o**2 + 8*o - 7. Let b be k(6). Let s = x - b. What is the units digit of s?
6
Let u = 3 + -3. Suppose u = -4*i - 0*i + 12. What is the tens digit of i/4 + (-148)/(-16)?
1
Let u = 2 - -2. What is the units digit of (1/4)/(u/16)?
1
Let l(k) = -k**2 + 9*k - 4. What is the units digit of l(4)?
6
Let c(o) = o**2 - 2*o + 75. What is the units digit of c(0)?
5
Let q be 165/9 + 2/(-6). Let h = 30 - q. Suppose h = 2*z + 4. What is the units digit of z?
4
Let f = 3 + -6. Let o be (f + (2 - -1))/2. Let j(h) = -h**2 + 4. What is the units digit of j(o)?
4
Let s(m) = -3*m**2 + 10*m - 3. Let i(u) = 5*u**2 - 20*u + 5. Let d(q) = 4*i(q) + 7*s(q). What is the units digit of d(-4)?
3
Suppose -11*x - 489 + 4790 = 0. What is the units digit of x?
1
Let v(g) = -6*g + 50. Let c(p) = -2*p + 17. Let b(t) = -17*c(t) + 6*v(t). What is the tens digit of b(-10)?
3
Let s(h) = 13*h - 1. Let g be s(3). Let t be 0/(12/(-4) + 0). Suppose -4*i + 5*f + g = t, 3*f - 9 = -i + 9. What is the units digit of i?
2
Let b be 1*(-7)/2*-2. Let r = 5 + b. What is the tens digit of r?
1
Let p(g) = g**3 + 6*g**2 - 3*g - 2. Let j be p(-6). Let m = j - 8. What is the units digit of m?
8
Let o be 3/(-3) + -1 + 7. Suppose 0 = o*a - 2*a + 6. What is the units digit of a/(-2)*9/3?
3
Let h = 24 - 16. Let c(j) = -j**3 + 9*j**2 - 8*j + 7. Let i be c(h). What is the units digit of (-3)/(2 + -3) + i?
0
Let c be 1 + (-3 - 0) - -6. Suppose 0 = -z, 2*b = -2*z + c*z + 34. What is the tens digit of b?
1
Let b be 146/10 - (-4)/10. Let m = b - 4. Suppose 3 = n - m. What is the tens digit of n?
1
Let n be 10/(-35) + 16/7. Suppose -2*a - n*l = -64, 14 = 2*a - l - 59. What is the units digit of a?
5
Let w = 92 + -58. What is the tens digit of w?
3
Suppose 0 = -2*u - 2*m + 3*m + 61, 3*u - 92 = 2*m. Suppose 4*h - u = -h. What is the units digit of h?
6
Suppose -3*p - 3 = 2*q, -2*q + 3*p = -0 - 3. Let o = 10 + q. What is the units digit of -1*(1 + 0) + o?
9
Suppose 0 = 6*a - 276 + 54. What is the tens digit of a?
3
Suppose -4*k + 8*k + 3*s = 472, -2*k = -3*s - 254. What is the tens digit of k?
2
What is the tens digit of 2 + 1197/6 - (-12)/(-8)?
0
Suppose q = -5*p + 1954, 4*q + 0*q + 4 = 0. What is the hundreds digit of p?
3
Let p = -31 + 33. What is the units digit of p?
2
Suppose 10*b - 7*b = 60. Let c = -7 - -11. Suppose n = -c*n + b. What is the units digit of n?
4
What is the units digit of (27 + -5)*(2 - 0)?
4
Suppose 15 + 32 = b. Let q = -32 + b. What is the units digit of q?
5
Suppose 0*o + 80 = 5*o. Suppose 4*j + o = 0, -2*j + 5 - 21 = 4*h. What is the units digit of (11/h)/(4/(-8))?
1
Let v(b) be the third derivative of b**6/120 + 2*b**5/15 + 7*b**4/24 + b**3/6 - 2*b**2. Let k be v(-7). What is the units digit of -7*k/(-2)*2?
7
Let f = -4 - -62. What is the units digit of f?
8
Suppose -4*w - 63 = -179. Suppose 5*l - 11 = w. What is the units digit of l?
8
What is the units digit of (2 + -3)/((-1)/19)?
9
Suppose -o = -110 - 214. What is the tens digit of o?
2
Let q(r) = -r**3 - 16*r**2 - 16*r + 11. What is the units digit of q(-15)?
6
Let r = 3 - -2. Let z(c) = -2*c + 4. Let a be z(r). What is the units digit of 1/((8/a)/(-4))?
3
Let u(g) = -g + 2 + 3 - 2. Let z be u(-12). Suppose 4*x + 12 = v + x, 2*v = -3*x + z. What is the units digit of v?
9
Let y(u) = u**3 - 6*u**2 - 2*u - 3. What is the units digit of y(7)?
2
Let l = -34 - -56. Suppose 3*k = a + k - 25, k + l = a. What is the units digit of a?
9
Let k = -3 - -4. Suppose 4*v - g = 56, k = -g - 3. What is the units digit of v?
3
Suppose 6 = -z + 2*z. Let q = z - 3. What is the units digit of 2 - ((-1 - 1) + q)?
1
Suppose -3*m + m + 5*j + 35 = 0, -25 = -m + j. What is the units digit of m?
0
Suppose -84*i = -88*i + 1576. What is the hundreds digit of i?
3
Let n = -9 